.
17, 73
List the prime factors of 84236.
2, 21059
List the prime factors of 3447.
3, 383
List the prime factors of 131749.
131749
List the prime factors of 114190.
2, 5, 19, 601
What are the prime factors of 5592?
2, 3, 233
List the prime factors of 32642.
2, 19, 859
What are the prime factors of 4890?
2, 3, 5, 163
List the prime factors of 799.
17, 47
List the prime factors of 1313.
13, 101
What are the prime factors of 8721?
3, 17, 19
List the prime factors of 2229.
3, 743
What are the prime factors of 39793?
13, 3061
List the prime factors of 1240.
2, 5, 31
List the prime factors of 16164.
2, 3, 449
What are the prime factors of 4430?
2, 5, 443
What are the prime factors of 24162?
2, 3, 4027
What are the prime factors of 7819?
7, 1117
List the prime factors of 11909.
11909
What are the prime factors of 68732?
2, 17183
List the prime factors of 2204.
2, 19, 29
What are the prime factors of 1687?
7, 241
What are the prime factors of 18095?
5, 7, 11, 47
What are the prime factors of 155?
5, 31
What are the prime factors of 33505?
5, 6701
What are the prime factors of 10506?
2, 3, 17, 103
What are the prime factors of 23156?
2, 7, 827
What are the prime factors of 92?
2, 23
What are the prime factors of 40181?
23, 1747
List the prime factors of 25699.
31, 829
List the prime factors of 60881.
23, 2647
What are the prime factors of 31323?
3, 53, 197
List the prime factors of 9297.
3, 1033
What are the prime factors of 35241?
3, 17, 691
List the prime factors of 962.
2, 13, 37
List the prime factors of 12477.
3, 4159
List the prime factors of 11180.
2, 5, 13, 43
List the prime factors of 2325.
3, 5, 31
What are the prime factors of 58095?
3, 5, 1291
List the prime factors of 113975.
5, 47, 97
What are the prime factors of 62004?
2, 3, 5167
What are the prime factors of 136451?
7, 101, 193
What are the prime factors of 999?
3, 37
List the prime factors of 1120.
2, 5, 7
List the prime factors of 26774.
2, 11, 1217
List the prime factors of 20885.
5, 4177
List the prime factors of 341.
11, 31
List the prime factors of 26.
2, 13
What are the prime factors of 70543?
11, 53
What are the prime factors of 4488?
2, 3, 11, 17
List the prime factors of 15767.
15767
List the prime factors of 53421.
3, 17807
What are the prime factors of 6601?
7, 23, 41
List the prime factors of 1505.
5, 7, 43
What are the prime factors of 232?
2, 29
What are the prime factors of 101072?
2, 6317
What are the prime factors of 25256?
2, 7, 11, 41
What are the prime factors of 1112?
2, 139
List the prime factors of 1180.
2, 5, 59
List the prime factors of 1541.
23, 67
What are the prime factors of 67693?
139, 487
What are the prime factors of 1404?
2, 3, 13
List the prime factors of 25970.
2, 5, 7, 53
What are the prime factors of 4385?
5, 877
List the prime factors of 43386.
2, 3, 7, 1033
What are the prime factors of 1005?
3, 5, 67
List the prime factors of 21839.
21839
List the prime factors of 2182.
2, 1091
What are the prime factors of 16891?
7, 19, 127
What are the prime factors of 79249?
19, 43, 97
List the prime factors of 1757.
7, 251
What are the prime factors of 1458?
2, 3
List the prime factors of 1807.
13, 139
List the prime factors of 1791.
3, 199
What are the prime factors of 682?
2, 11, 31
What are the prime factors of 2349?
3, 29
List the prime factors of 4174.
2, 2087
List the prime factors of 19.
19
List the prime factors of 865.
5, 173
List the prime factors of 952.
2, 7, 17
What are the prime factors of 32693?
32693
List the prime factors of 7874.
2, 31, 127
What are the prime factors of 9232?
2, 577
List the prime factors of 102595.
5, 17, 71
List the prime factors of 1774.
2, 887
List the prime factors of 3275.
5, 131
What are the prime factors of 6375?
3, 5, 17
List the prime factors of 8622.
2, 3, 479
What are the prime factors of 7059?
3, 13, 181
List the prime factors of 162324.
2, 3, 167
What are the prime factors of 64295?
5, 7, 11, 167
List the prime factors of 479.
479
List the prime factors of 53842.
2, 26921
What are the prime factors of 39068?
2, 9767
What are the prime factors of 4989?
3, 1663
List the prime factors of 2101.
11, 191
List the prime factors of 2300.
2, 5, 23
What are the prime factors of 126753?
3, 11, 23, 167
What are the prime factors of 12381?
3, 4127
List the prime factors of 973.
7, 139
What are the prime factors of 3012?
2, 3, 251
What are the prime factors of 1186?
2, 593
What are the prime factors of 1801?
1801
What are the prime factors of 239?
239
What are the prime factors of 123616?
2, 3863
List the prime factors of 92093.
19, 37, 131
List the prime factors of 838.
2, 419
What are the prime factors of 71992?
2, 8999
List the prime factors of 10835.
5, 11, 197
What are the prime factors of 136754?
2, 101, 677
What are the prime factors of 73909?
11, 6719
What are the prime factors of 2824?
2, 353
What are the prime factors of 426?
2, 3, 71
What are the prime factors of 120?
2, 3, 5
What are the prime factors of 14930?
2, 5, 1493
What are the prime factors of 31866?
2, 3, 47, 113
List the prime factors of 21264.
2, 3, 443
List the prime factors of 519.
3, 173
List the prime factors of 8727.
3, 2909
List the prime factors of 7430.
2, 5, 743
List the prime factors of 369.
3, 41
What are the prime factors of 1048?
2, 131
What are the prime factors of 73168?
2, 17, 269
List the prime factors of 4587.
3, 11, 139
List the prime factors of 4429.
43, 103
List the prime factors of 397.
397
What are the prime factors of 33870?
2, 3, 5, 1129
List the prime factors of 676.
2, 13
List the prime factors of 791.
7, 113
What are the prime factors of 13634?
2, 17, 401
What are the prime factors of 398?
2, 199
List the prime factors of 266.
2, 7, 19
What are the prime factors of 3431?
47, 73
What are the prime factors of 11863?
11863
What are the prime factors of 338?
2, 13
List the prime factors of 1989.
3, 13, 17
What are the prime factors of 7361?
17, 433
What are the prime factors of 2164?
2, 541
List the prime factors of 953.
953
List the prime factors of 4761.
3, 23
What are the prime factors of 1185?
3, 5, 79
List the prime factors of 9700.
2, 5, 97
List the prime factors of 241.
241
What are the prime factors of 122?
2, 61
List the prime factors of 4072.
2, 509
List the prime factors of 365.
5, 73
What are the prime factors of 230?
2, 5, 23
List the prime factors of 684.
2, 3, 19
List the prime factors of 1458.
2, 3
List the prime factors of 1611.
3, 179
List the prime factors of 23459.
23459
What are the prime factors of 5675?
5, 227
What are the prime factors of 4834?
2, 2417
What are the prime factors of 40136?
2, 29, 173
What are the prime factors of 13560?
2, 3, 5, 113
What are the prime factors of 903?
3, 7, 43
What are the prime factors of 1596?
2, 3, 7, 19
What are the prime factors of 1655?
5, 331
List the prime factors of 687.
3, 229
List the prime factors of 8662.
2, 61, 71
What are the prime factors of 77?
7, 11
What are the prime factors of 795?
3, 5, 53
What are the prime factors of 3325?
5, 7, 19
List the prime factors of 9216.
2, 3
List the prime factors of 880.
2, 5, 11
List the prime factors of 612.
2, 3, 17
List the prime factors of 3146.
2, 11, 13
What are the prime factors of 876?
2, 3, 73
What are the prime factors of 1742?
2, 13, 67
What are the prime factors of 7969?
13, 613
List the prime factors of 6400.
2, 5
What are the prime factors of 379?
379
What are the prime factors of 13308?
2, 3, 1109
List the prime factors of 363.
3, 11
What are the prime factors of 23904?
2, 3, 83
List the prime factors of 39726.
2, 3, 2207
List the prime factors of 3983.
7, 569
List the prime factors of 3569.
43, 83
What are the prime factors of 5677?
7, 811
List the prime factors of 7116.
2, 3, 593
What are the prime factors of 146910?
2, 3, 5, 59, 83
What are the prime factors of 12780?
2, 3, 5, 71
What are the prime factors of 4572?
2, 3, 127
List the prime factors of 3909.
3, 1303
List the prime factors of 1823.
1823
List the prime factors of 2126.
2, 1063
What are the prime factors of 8731?
8731
List the prime factors of 20339.
11, 43
What are the prime factors of 383?
383
What are the prime factors of 1743?
3, 7, 83
List the prime factors of 3600.
2, 3, 5
What are the prime factors of 2103?
3, 701
What are the pri